 1 + 7?
108
Calculate -73 + (94 - (-20 + -29)).
70
Calculate (67 - -61) + -121 + 5 + -104.
-92
Calculate -6 - (-53 + -13 - -4).
56
(-183 + 183 - (1 + 16)) + (-27 - -2)
-42
Calculate -10 + (-5 + 3 + 11 - 4 - (-55 - -44)).
6
(-7 - 1) + (45 + 21 + 0 - 27)
31
1913 + -1925 - (17 - (2 + -4))
-31
What is the value of (-24 - -29 - 42 - -170) + -31?
102
Evaluate 11 + 0 + 13 + -38.
-14
What is -22 + (12 - -12) - (22 - 1) - 10?
-29
Evaluate -29 + (6 - 52) - -42.
-33
What is the value of (-17 - ((-81 - 0) + 40)) + -37?
-13
Evaluate (-1 + -70 - -17 - -12) + 9.
-33
What is the value of (-30 - (-16 - (-11 - 33))) + 6?
-52
(6 - 6 - (33 + -64 - -28)) + (1 - 9)
-5
Calculate -12 - ((-2 - (4 + -18)) + 0 + 14 + -36).
-2
What is the value of 5 + (37 + -62 - -51) - -39?
70
Calculate -132 + 0 + 7 + -8 + -776 + 763.
-146
What is the value of -44 - (-68 + 22 + -40)?
42
20 + -1 + 0 + 3121 + -3128
12
Evaluate -2 + 62 + 18 + -42.
36
What is 8 - -12 - (163 + -144)?
1
What is the value of 67 + (16 + -8 - 18) + -4?
53
What is -1 + (-23 - 5) + (-2 - (-3 - (-3 + -1)))?
-32
-2 + (-10 - -1) + -75 + -8 + 55
-39
What is (93 - 210 - -257) + -116?
24
What is 0 + -12 - ((-45 - 2) + (211 - 211))?
35
Evaluate 25 + (-80 - -18) + 72.
35
What is -3 + -2 - ((-8 - -14 - 58) + (-10 - -9))?
48
Calculate 17 + (-112 - -40) - -43.
-12
54 - 3 - (413 - 403)
41
What is 0 + -12 + 6 + (20 - 15) + -26 + 12?
-15
What is the value of -17 + 98 - (-2 + (-7 - -19) + -3 - -2)?
72
What is the value of -1 + (0 - 19 - (-48 + 56)) + 10?
-18
What is the value of -13 + 11 + (-9 - 0) + -7 + (-7 - 1)?
-26
Calculate 44 - (34 - -38 - 7).
-21
(110 - 54) + -49 - -11
18
What is (3 - (-3 + -3 + -37)) + 74 + -81 - 6?
33
What is -29 + 7 + -9 + (1459 - 1450)?
-22
79 + -169 + 113 + 4
27
28 + (-8 - 7) + (28 - -5) - 12
34
Evaluate -23 - ((19 - 29) + (18 - 3) + -5).
-23
What is the value of (-2 - (15 + 4)) + (-6 - (24 + -42))?
-9
Evaluate -10 + (166 - 15) + -25 - 32.
84
(59 - 135) + 99 + -45
-22
0 + 3 + 44 + -26 - 52
-31
-10 + -30 + 14 + 68 + 19
61
What is 1 - 51 - (67 + (-79 - (63 + -60)))?
-35
Evaluate -8 - ((13 + -7 - 0) + -13 + 11 - 97).
85
What is -44 - ((-24 - -9) + 33 + -34)?
-28
Evaluate 39 + 28 + (16 - (2 + 4 + 5 + -7)).
79
Calculate -380 + 203 + (72 - -6).
-99
What is the value of 500 - 475 - (3 + 0 - 22)?
44
Evaluate -123 + 78 + -30 - -64.
-11
0 + 23 + -6 + (-77 - -85)
25
What is -17917 + 17917 + (67 - -1)?
68
Calculate 46 - ((-58 - -44) + 94).
-34
What is the value of (-1 - 78) + (7835 - 7794)?
-38
Evaluate 47 - (-22 + 62 - 6).
13
What is the value of -4092 + 4023 + -1 + 23?
-47
What is the value of (-7 - -30 - 10 - (-3 - -58)) + 7?
-35
Calculate 31 - (541 + -566 - (1 - 25)).
32
7 + ((-23 - -16) + -12 - -46)
34
Calculate -27 - (-102 - (9 - (41 + -41))).
84
-20 + (10 - (38 + 5)) - -23
-30
Calculate -19 - (-1 + (21 - (-10 + 12 + 12)) - 17).
-8
Evaluate -41 - (-22 - (4 - -4)) - (0 + -51).
40
What is (0 - -50) + -357 + 336?
29
What is the value of 49 - (-14 + 2 + 61)?
0
What is 50 + ((-21 - -50) + -36 - (-9 - (-2 + 0)))?
50
Calculate (1549 - 1609) + (18 - -1) + -2.
-43
What is the value of -4 + (13 - -8) + -2 + -3 + -1?
11
Evaluate -23 + 15 + 63 + -25.
30
What is the value of -7 - -1 - (-14 + 8 + -7 - (-1 - 12))?
-6
What is -72 + 150 + 53 - 54?
77
What is the value of 1 - 14 - (-12 + 0 + 12 + 38)?
-51
What is -2 + -1 + -59 - (-54 + 119 + -59)?
-68
156 + -128 + 85 - -22
135
-75 + -7 + 14 + -21 + 34 - (-1 + -2)
-52
What is the value of 3 - (52 - -7) - (-156 - -148)?
-48
Calculate 38 + 0 - (13 - (5 + -2 + -9 - -7)).
26
What is the value of (71 - -1) + (-20125 - -20038)?
-15
What is the value of -128 + (92 - -217) + -118?
63
What is the value of -118 + (94 + 10 - 28)?
-42
18 + -9 + (-7 - (6 - 11)) + -8
-1
Calculate -46 - (-55 - (74 - -17)).
100
What is the value of 37 + (16 - (-24 + (6 - -20)))?
51
What is the value of (-129 - (-9 + 16)) + (-6 - (17 + -25))?
-134
What is the value of -52 + -45 + 55 + -4?
-46
-93 - (-57 - 72) - 79
-43
What is the value of (3925 - 4042) + (258 - 5)?
136
What is 25 - (-3 + -1 + -82 + 56 + 24)?
31
10 + (-15 + 41 - (17 + 9))
10
-71 - 3 - ((-8 - -33) + (0 - 32))
-67
Evaluate 0 + 84 - (7005 + -6874).
-47
Calculate (82 - 98) + 0 + 3 + (40 - 57).
-30
Evaluate 9 + (4 - (-9 - -2) - 29) + -1 - 37.
-47
Calculate -9 - -1 - -4 - (38 + -6 + -34).
-2
What is the value of (1 + 70 - 6 - -9) + 13 - -4?
91
27 - (-1 + -10 - (-63 - 17))
-42
9 - -1 - (350 + -348) - (-3 - -6 - 61)
66
Evaluate (46 - 100) + 58 + (-4 - -2 - 94).
-92
What is the value of 50 + (-29 + 56 - (-14 + 21))?
70
What is -50 + -3 - (-1100 - -1138)?
-91
What is 56 - (-141 + 154) - (-1 - 18)?
62
Evaluate (2 - 2) + (1 - (-7 + 1)) + (-88 - -178).
97
Evaluate (-7 - -71) + 7 + 8 + -16 + 24.
87
6 - -34 - (-66 - -132)
-26
Evaluate 42 + (-12 - 11) - 76.
-57
Evaluate 30 - -20 - (24 - (9 - 3)).
32
What is the value of 46 + (-5 - 119) + -25 + (-5 - -2) + -2?
-108
What is the value of 5 - (22 - (41 - 20)) - (19 - -1)?
-16
What is the value of 0 + -17 - (-62 + (-23 - -72))?
-4
104 - (65 - -37) - (-1 - (-23 + 2))
-18
-13 - (-4 - 0) - (-197 - -121) - (4 - 12)
75
Calculate -2 + 73 + (-389 - -327) - (0 - -27).
-18
What is the value of -56 - (33 - (-31 + 96))?
-24
What is -25 - -6 - -7 - (9 + -2)?
-19
What is the value of 48 + -50 + (29 - -10)?
37
Calculate (-103 - (12 + -46)) + 55.
-14
What is -11 - (-5 - 0 - ((3 - 29) + 21))?
-11
What is 21 - (29 + 27 + -29) - 2?
-8
Evaluate 35 - 3 - (5 + (4 - (-8 - -13)) + 7).
21
Evaluate (-1 - 35) + (-59 - -213) + -43.
75
What is 26 + -9 - (3 - 1) - 60?
-45
What is 0 + 6 + 5 - -3 - (16 - 53)?
51
What is the value of (-6 - 21) + 47 - 18?
2
What is the value of 37 - (-45 + 50 + (4 - -1) - 8)?
35
Evaluate (24 - -1 - 2 - 43) + 98.
78
Evaluate (31 + 86 - 49) + -56.
12
What is (-24 - -53) + -4 + (2 - 11) + 4?
20
What is the value of 10 - (-45 + 111) - -71?
15
What is 5 + (-9 - 3 - -28) - -4?
25
Evaluate 64 - ((18 - -62) + 86).
-102
Calculate 115 + -71 - 68 - (52 + -1).
-75
11 + (-30 - -103 - (0 - 0 - (-37 - -47)))
94
Evaluate (18 - -1 - 6 - 9) + -3 - 28.
-27
What is the value of 37 + (-679 - -776) + (1 - 47)?
88
What is 7 + (6 - (14 + 6)) + (-18 - -2)?
-23
What is the value of 70 - 2 - (-15 - (13 - 13 - 19 - -17))?
81
Calculate (-33 - -7) + (-64 - -57) + (0 - -1).
-32
What is -10 + -1 + 156 + (-6 - 36)?
103
-37 - 1 - (9 - 21) - (-10 + 9)
-25
What is (7 - (3 - (5 - 3))) + (-87 - -38) + 51?
8
Calculate 4 - (-2 + -34) - (19 + -7 - 12 - 5).
45
-14 + (-17 - -17 - 13)
-27
Evaluate -41 + (5 - (15 - 27 - (4 + -4 + -8))).
-32
(-44 - (9 - 22)) + (-63 - -112)
18
What is the value of (64 - 0) + (42 - 31) + -14?
61
(48 - (63 - 31)) + (-43 - (-5 + -2))
-20
What is the value of -19 + (12 - 8) + 14 + 14 - -2?
15
What is the value of (-121 - -40) + (5 - -48)?
-28
Evaluate 6 + (74 - 73 - (-5 - (-1 + -35))) + 6.
-18
Evaluate (2 - (-3 + 16 + 1 + -3)) + (1 - 17).
-25
620 + -622 - (-23 - (-2 + 1 + -1))
19
What is the value of 127 + -100 + (-4 - -1) + 6 + -8?
22
Calculate (-30 + -1 - (6 - (-42 + 12 - -52))) + -3.
-18
What is the value of -51 - ((-1 - -1) + -22 + 5)?
-34
What is -865 + 852 - (-2 + 0 - 14) - 8?
-5
What is -3 + 17 + -13 - (29 - 13 - 73)?
58
Calculate -40 + 14 - ((-13 - -41) + -7 + -28).
-19
20 + -88 + 22 - -116
70
50 + -89 - (-171 - -66)
66
-25 + -78 + 87 + -37
-53
(-102 + 62 - (-24 - 1)) + 64 + 1
50
What is the value of (-1 + -7 - (-78 + 7)) + -9?
54
Calculate 14 + -6 + 3 + -11 + 25.
25
Evaluate (0 - 55) + 1728 + -1727.
-54
What is -16 + (-20 - -4) + -12?
-44
What is the value of -65 - -21 - (12 - (-8 - -1 - -12) - 2)?
-49
What is (16 + 0 - 47) + 72?
41
-127 + (-17 + 1 - (-343 + 308))
-108
Calculate 36 - (185 - (-5 - -61)).
-93
What is (1 - (51 + -50)) + 3 + 39?
42
Calculate (3 + -36 - (931 - 970)) + (50 - -2).
58
Evaluate 10 - -17 - (-965 - -934).
58
What is 14 + -62 - 34 - -165?
83
Evaluate -1 - (4 + -11 + 3) - (-194 + 267).
-70
34 + -1 + 0 - (663 + -662)
32
Calculate 1 - 1 - (16 - 54 - -94 - -30).
-86
Calculate (-2 - -1) + 20 - (-3 + (-1 + -14 - -9)).
28
49 + -72 + (5 - 1 - -4) + -34 + 28
-21
What is the value of 23 + (4 - ((26 - 28) + -1))?
30
Evaluate 76 - 5 - (637 + -602).
36
Calculate (11 - (-18 - -13)) + (3 - 1) - 9 - 89.
-80
What is the value of 12 + 11 + -26 + 10 + -3 + -66?
-62
What is the value of -5 - -55 - (87 + -75 + -2 